visor of o and x.
21
Let k = 5 + -28. Let h = 45 + k. What is the highest common factor of 55 and h?
11
Suppose 2*x - 161 = -93. Calculate the greatest common factor of x and 85.
17
Suppose -80 = -3*t - 4*v, 4*t + 0*t + 3*v - 109 = 0. Let x(i) = i**3 + 6*i**2 + i - 6. Let a be x(-5). What is the highest common divisor of a and t?
14
Let m be (-1 - -3) + (0 - 36). Let o be m/(-2 + 0/3). Suppose -3*j + o = 5*g, -2 + 3 = -j - 5*g. Calculate the greatest common factor of j and 81.
9
Let t be 210/(-84)*2*(1 - 2). Calculate the greatest common divisor of t and 35.
5
Suppose 0 = -5*s + 2*s. Suppose -55 = -5*f - s*f. Calculate the greatest common divisor of 99 and f.
11
Let q = 19 - 8. What is the highest common factor of 11 and q?
11
Let o(g) = -g**3 + 6*g**2 - 6*g - 6. Let c be o(5). Let u = -6 - c. Calculate the highest common factor of u and 45.
5
Suppose -3*f = -5*f - 8, -5*a = 4*f - 44. What is the highest common divisor of 12 and a?
12
Suppose 2*k - 13 = -3*u, 3*k - 2*u - 11 = 2*u. Suppose 3 = k*y - 7. Suppose -3*g - g = -8. What is the greatest common factor of g and y?
2
Suppose -5*z - 161 = -4*u, 4*z = 5*u + 2*z - 180. Calculate the highest common factor of 85 and u.
17
Let y(x) = 14*x**3 - x**2 - 3*x + 3. Let l be y(2). Calculate the highest common divisor of 15 and l.
15
Let h(k) = 4*k**2 + k + 40. Let c be h(8). What is the greatest common factor of 38 and c?
38
Suppose -20 = -4*y - 372. Let r = y + 22. Let g = -42 - r. What is the highest common divisor of g and 6?
6
Let t = -65 - -103. Calculate the greatest common factor of 95 and t.
19
Let b(r) = -4*r + 10. Let q be b(-14). What is the highest common factor of 22 and q?
22
Let f(n) be the third derivative of n**5/60 + 7*n**4/24 + 5*n**3/6 - 2*n**2. Let i be f(-7). What is the greatest common factor of i and 40?
5
Let h = -7 + 9. Let d be h*(315/6)/7. Calculate the highest common divisor of 105 and d.
15
Suppose c + 324 = 4*c. Calculate the highest common factor of 12 and c.
12
Suppose -297 = -3*m - 3*d, -5*m = -0*d + d - 491. Calculate the highest common divisor of 14 and m.
14
Suppose -195 = -7*q + 1149. What is the greatest common factor of q and 24?
24
Let b(r) be the second derivative of 1/12*r**4 + 5/6*r**3 + 0 + 9/2*r**2 - 2*r. Let y be b(-6). Calculate the greatest common divisor of y and 135.
15
Let l = -4 + 7. Let s be (-2*2)/(-3 + 2). Suppose -r + 165 = -0*d + 5*d, -s*d + 5*r + 132 = 0. Calculate the highest common factor of l and d.
3
Suppose -5*b = -6*b + 3. Suppose 2*k + m = -3*k + 256, b*k + 4*m = 157. Let f = 20 - 3. What is the highest common factor of f and k?
17
Let t be ((-3)/2)/(5/(-10)). Suppose 7 = 2*q - 2*u - 15, t*q - 2*u = 30. Let p be (79 + -9)*q/10. What is the highest common divisor of p and 8?
8
Let i(d) = 4*d**2 - d - 1. Let m be i(-1). Suppose 3 + m = j. Calculate the highest common factor of 21 and j.
7
Let a be (19 + -4)/(-2 - -1). Let r be -2 + 2/(-2)*a. Let g = 32 + 7. What is the greatest common factor of r and g?
13
Suppose -7 = 4*d - s, -5*s = 2*d - d - 14. Let l = d - -3. What is the highest common factor of 8 and l?
2
Let m = -5 - -9. Let i be (0 - 3) + m*1. Calculate the greatest common factor of i and 3.
1
Suppose 0 = 9*a - 11*a + 280. Calculate the greatest common divisor of 28 and a.
28
Suppose 0*y = -4*y. Suppose -2*b = -y*b - 24. What is the greatest common divisor of b and 12?
12
Suppose -2*d + 42 = 5*n, n - 5 = -4*d + 7. Suppose 0 = -j + 6*r - 2*r + 36, -5*r = j - 45. Calculate the highest common divisor of j and n.
8
Let k = 19 + -4. Calculate the greatest common factor of k and 30.
15
Let h be 64 + -4 + 1 + -1. Let d be 60*((-16)/10)/(-4). What is the greatest common factor of h and d?
12
Let r(l) = -7*l**2 - 7*l - 13. Let p be r(-4). Let t(s) = 21*s**2 + s. Let m be t(3). Let q = p + m. What is the greatest common divisor of 38 and q?
19
Let y(f) = f**2 - 5*f - 3. Let t be 8*2 - 0/1. Suppose -4*h - 4*d = -t, -5*h - 5*d = -3*h + 4. Let p be y(h). What is the highest common divisor of 3 and p?
3
Suppose -5*q + 160 = -340. Suppose 21 = 2*a - 29. What is the greatest common factor of a and q?
25
Let l be (-95)/(-6) + (-5)/(-30). Let g = l - -26. Calculate the greatest common divisor of 14 and g.
14
Let j be (5 - (2 - 0)) + -1. Let w be -3 + j/1 + 133. Let d = -30 + 42. What is the highest common factor of d and w?
12
Let d = 81 - 58. Calculate the highest common factor of d and 115.
23
Suppose -5*b = -458 - 102. Calculate the highest common factor of b and 14.
14
Let w be (-1)/1*(1 + -10) - 2. Calculate the greatest common factor of w and 119.
7
Let q be (2 - 2 - 0) + 168. Let h be 1/(-3)*-3 + -1. Suppose h*f = -2*f + 48. What is the highest common factor of q and f?
24
Let y = 61 + -37. Let m be 5/((-25)/y)*-5. Suppose 0 = f - 8 + 2. What is the highest common factor of f and m?
6
Let v be 5 + 13/(26/36). What is the greatest common factor of v and 23?
23
Suppose 17 = 2*h - 5*l - 11, -4*l + 1 = h. Calculate the highest common factor of 9 and h.
9
Let z = -76 + 77. Suppose 0 = 4*y - 15 - 13. Calculate the greatest common divisor of y and z.
1
Let d be (2 + 58)/5 + -5. Calculate the highest common divisor of 35 and d.
7
Suppose -4*y + 190 = 70. What is the highest common divisor of 15 and y?
15
Suppose 4*n + 1 + 7 = 0. Let d = n - -5. What is the greatest common divisor of 3 and d?
3
Let f = 113 - -307. Suppose f = 6*k - k. What is the highest common factor of k and 28?
28
Suppose -3*f + 114 = -0*x + x, 0 = 5*x - f - 490. Let h(g) = 3*g - 9. Let b be h(6). Calculate the greatest common divisor of b and x.
9
Let r = 11 - 7. Let z be ((-8)/6)/((-2)/42). What is the greatest common factor of z and r?
4
Let l = 55 + -55. Let g be (-6 + 0)/((-3)/10). Suppose l = -3*f - 5*z + 80, -2*z = -2*f + 3*z + g. What is the greatest common divisor of 220 and f?
20
Suppose -4*k - 2*b = 14, -4*k + b = -2*b + 29. Let x = -3 - k. Suppose 0 = -x*g + 74 + 62. What is the greatest common factor of 17 and g?
17
Let k = -57 + 20. Let q = 13 - k. Calculate the greatest common divisor of q and 10.
10
Let k = -14 + -5. Let g = 11 - k. What is the highest common factor of 45 and g?
15
Let n be 10/35 - (-124)/7. Suppose u + 11 = 3*x, 4*u + 2 + 24 = 3*x. Calculate the highest common factor of x and n.
2
Suppose 0 = 10*i - 9*i - 49. Suppose 33 = 2*g + g + 3*o, 2*o = 5*g - 27. Calculate the greatest common divisor of g and i.
7
Let v be (-5592)/(-100) - (-6)/75. Let t be 2/5 - (-99)/15. What is the highest common divisor of v and t?
7
Suppose 17 = w - 0*w. Suppose 0*t + 136 = 8*t. Calculate the greatest common divisor of w and t.
17
Let i(l) = 2*l**3 + 4*l**2 - 2*l - 2. Let q be i(2). Let t(j) = 3*j + 38. Let x be t(9). What is the highest common factor of q and x?
13
Suppose -2*o - 6 + 36 = 0. Let l(f) = 15*f**2 + 2*f + 1. Let w be l(-1). Let r be 66/14 - w/(-49). Calculate the greatest common divisor of o and r.
5
Suppose 2*s + 3*z = 68, -2*s - 2*z + 72 = -0*s. Let v be (-1 + 17)*1/1. What is the highest common divisor of s and v?
8
Let a be (-1 + 4)*308/3. What is the highest common divisor of 28 and a?
28
Suppose 5*m + b = 2*b + 55, -5*b = -25. What is the highest common factor of 24 and m?
12
Let j(s) = 2*s**3 + 2*s**2 + s - 2. Let t be j(1). Suppose 2*r - v - 14 = -2*r, -3*v - 12 = -2*r. What is the greatest common factor of t and r?
3
Suppose -2*o = -4*s - 100, -4*o - 2*s - s + 145 = 0. Calculate the greatest common factor of o and 8.
8
Let w = -19 + 20. What is the highest common factor of 8 and w?
1
Let c = -38 + 15. Suppose -420 = 3*a - 6*a. Let p = c + a. Calculate the greatest common divisor of p and 13.
13
Let q(b) = -2*b**2 - 46*b + 4. Let a be q(-17). What is the greatest common divisor of 13 and a?
13
Let s(f) = 3*f + 2. Let q be s(10). What is the highest common divisor of q and 16?
16
Suppose -3*m + 14 = -2*m. What is the greatest common factor of m and 42?
14
Let n be (-128)/(-20) - 4/10. Let t = 10 - n. Let u = t + 2. Calculate the highest common divisor of u and 48.
6
Let k be (-2 - 2 - -2) + (-966)/(-7). Calculate the greatest common divisor of 34 and k.
34
Let a(p) = -p + 13. Let l = -11 - -15. Suppose -2 = 2*t, -l*n - 2 + 40 = -2*t. Let w be a(n). Calculate the greatest common factor of w and 16.
4
Let s be (-6)/15 + (-1274)/(-35). Calculate t